{"id":4,"date":"2022-06-06T00:53:23","date_gmt":"2022-06-05T22:53:23","guid":{"rendered":"http:\/\/franceturquie.com\/?page_id=4"},"modified":"2022-06-06T01:09:34","modified_gmt":"2022-06-05T23:09:34","slug":"creez-votre-site-avec-des-blocs","status":"publish","type":"page","link":"https:\/\/franceturquie.com\/","title":{"rendered":"Bienvenue !"},"content":{"rendered":"\n<figure class=\"wp-block-image size-large\"><img loading=\"lazy\" decoding=\"async\" width=\"1024\" height=\"683\" src=\"http:\/\/franceturquie.com\/wp-content\/uploads\/2022\/06\/photo-1024x683.jpeg\" alt=\"\" class=\"wp-image-30\" srcset=\"https:\/\/franceturquie.com\/wp-content\/uploads\/2022\/06\/photo-1024x683.jpeg 1024w, https:\/\/franceturquie.com\/wp-content\/uploads\/2022\/06\/photo-300x200.jpeg 300w, https:\/\/franceturquie.com\/wp-content\/uploads\/2022\/06\/photo-768x512.jpeg 768w, https:\/\/franceturquie.com\/wp-content\/uploads\/2022\/06\/photo.jpeg 1080w\" sizes=\"auto, (max-width: 709px) 85vw, (max-width: 909px) 67vw, (max-width: 1362px) 62vw, 840px\" \/><figcaption>Ho\u015fgeldiniz<\/figcaption><\/figure>\n\n\n\n<div style=\"height:50px\" aria-hidden=\"true\" class=\"wp-block-spacer\"><\/div>\n\n\n\n<div class=\"wp-block-columns alignwide are-vertically-aligned-top is-layout-flex wp-container-core-columns-is-layout-9d6595d7 wp-block-columns-is-layout-flex\">\n<div class=\"wp-block-column is-vertically-aligned-top is-layout-flow wp-block-column-is-layout-flow\">\n<h3 class=\"wp-block-heading\">Bienvenue sur notre blog<\/h3>\n\n\n\n<p class=\"has-text-align-left\">Ce blog est un compl\u00e9ment au groupe Facebook intitul\u00e9 &#8220;Francophones \u00e0 Istanbul&#8221;, cr\u00e9e au d\u00e9but de 2014, et qui permet aux francophones de discuter et \u00e9changer tous types d&#8217;informations au sujet d&#8217;Istanbul et de la Turquie.<\/p>\n<\/div>\n\n\n\n<div class=\"wp-block-column is-vertically-aligned-top is-layout-flow wp-block-column-is-layout-flow\">\n<h3 class=\"wp-block-heading\">Des informations pratiques<\/h3>\n\n\n\n<p>En compl\u00e9ment du groupe Facebook, nous avons d\u00e9cid\u00e9 de cr\u00e9er ce blog afin de pouvoir y retrouver facilement les informations et les sujets de discussion abord\u00e9s dans le groupe. Ici, nous ajouterons des informations v\u00e9rifi\u00e9es et pratiques pour la vie de tous les jours et les voyages \u00e0 Istanbul<\/p>\n<\/div>\n\n\n\n<div class=\"wp-block-column is-vertically-aligned-top is-layout-flow wp-block-column-is-layout-flow\">\n<h3 class=\"wp-block-heading\">Cr\u00e9er une communaut\u00e9<\/h3>\n\n\n\n<p>Parce qu&#8217;il est important et utile de se rencontrer, de faire connaissance, et de se faire des nouveaux amis, notre groupe et notre blog sont aussi des occasions de faire connaissance avec les turcs et les francophones de Turquie et d&#8217;Istanbul<\/p>\n<\/div>\n<\/div>\n","protected":false},"excerpt":{"rendered":"<p>Bienvenue sur notre blog Ce blog est un compl\u00e9ment au groupe Facebook intitul\u00e9 &#8220;Francophones \u00e0 Istanbul&#8221;, cr\u00e9e au d\u00e9but de 2014, et qui permet aux francophones de discuter et \u00e9changer tous types d&#8217;informations au sujet d&#8217;Istanbul et de la Turquie. Des informations pratiques En compl\u00e9ment du groupe Facebook, nous avons d\u00e9cid\u00e9 de cr\u00e9er ce blog &hellip; <a href=\"https:\/\/franceturquie.com\/\" class=\"more-link\">Continue reading<span class=\"screen-reader-text\"> &#8220;Bienvenue !&#8221;<\/span><\/a><\/p>\n","protected":false},"author":1,"featured_media":0,"parent":0,"menu_order":0,"comment_status":"closed","ping_status":"closed","template":"","meta":{"footnotes":""},"class_list":["post-4","page","type-page","status-publish","hentry"],"_links":{"self":[{"href":"https:\/\/franceturquie.com\/index.php\/wp-json\/wp\/v2\/pages\/4","targetHints":{"allow":["GET"]}}],"collection":[{"href":"https:\/\/franceturquie.com\/index.php\/wp-json\/wp\/v2\/pages"}],"about":[{"href":"https:\/\/franceturquie.com\/index.php\/wp-json\/wp\/v2\/types\/page"}],"author":[{"embeddable":true,"href":"https:\/\/franceturquie.com\/index.php\/wp-json\/wp\/v2\/users\/1"}],"replies":[{"embeddable":true,"href":"https:\/\/franceturquie.com\/index.php\/wp-json\/wp\/v2\/comments?post=4"}],"version-history":[{"count":4,"href":"https:\/\/franceturquie.com\/index.php\/wp-json\/wp\/v2\/pages\/4\/revisions"}],"predecessor-version":[{"id":32,"href":"https:\/\/franceturquie.com\/index.php\/wp-json\/wp\/v2\/pages\/4\/revisions\/32"}],"wp:attachment":[{"href":"https:\/\/franceturquie.com\/index.php\/wp-json\/wp\/v2\/media?parent=4"}],"curies":[{"name":"wp","href":"https:\/\/api.w.org\/{rel}","templated":true}]}}